 -22 + -1 - 21/(-7). What is the remainder when (k/(-4))/((-2)/(-4)) is divided by 4?
2
Let q = -8 - -20. Calculate the remainder when 22 is divided by q.
10
Suppose -4*d - 19 = -59. What is the remainder when d is divided by 6?
4
Suppose 4*u + u = 30. What is the remainder when u is divided by 3 + (1 - 0 - 0)?
2
Suppose 0 = -4*j - j - 20. Calculate the remainder when 4/(-18) - 1045/(-45) is divided by (j/(-3))/1*6.
7
Let p(t) = 5*t + 3. Suppose 0*x + x = 10. Calculate the remainder when p(5) is divided by x.
8
Let b(i) be the first derivative of i**2/2 - i + 4. Let x be b(3). Suppose -a + 3*l = -4, 4*a - x*a - 13 = l. What is the remainder when 20 is divided by a?
6
Let c = 302 - 620. What is the remainder when (2 - 1)/((-6)/c) is divided by 18?
17
Suppose -32 + 4 = -4*i. Let h(a) = 14*a + 6. What is the remainder when h(1) is divided by i?
6
Let y = 29 - 9. Suppose -3*c = -3*i + 130 + y, -6 = 2*c. Suppose -6*m + 2*m + 64 = 0. What is the remainder when i is divided by m?
15
Let a = 49 - 27. Suppose -s + 2*d = -a, 3*d = -s + 3*s - 49. What is the remainder when s is divided by 11?
10
Suppose 4*b = 48 + 96. Calculate the remainder when 69 is divided by b.
33
Suppose -222 = -3*m + 3*c, -c - 4*c = -5. Calculate the remainder when m is divided by 20.
15
What is the remainder when 21*-16*((-2)/8)/1 is divided by 44?
40
Suppose 4 - 16 = -4*b. Let h = -13 + 0. Let z = -6 - h. Calculate the remainder when z is divided by b.
1
Let b = -37 - -74. Calculate the remainder when 72 is divided by b.
35
Suppose 0 = -2*j + 3*u + 35, 5*u = j - 0*j - 7. Let v = j - -5. Suppose d = -3, -v = 2*c - 4*c + 5*d. What is the remainder when 23 is divided by c?
5
Let p = 143 + -131. What is the remainder when 20 is divided by p?
8
Suppose 3*j - 5*g = -23, 0 = 2*j + 4*g - 7*g + 14. Let y be (-29 - 1/j) + 1. Let q = y + 41. What is the remainder when 40 is divided by q?
12
Let w(j) = 3*j**2 - 2. Let k = 11 - 18. Let r(h) = -h**2 - 8*h - 5. Let v be r(k). What is the remainder when w(v) is divided by 6?
4
Let n be (-6)/(-12)*5*2. Suppose n*g = 10, -5*r - 5*g = -281 + 931. Calculate the remainder when 25 is divided by (-4)/20 + r/(-10).
12
Let j = -20 - -14. Let y(d) = -d + 1. Calculate the remainder when 12 is divided by y(j).
5
Let o = -1709 - -2963. Let l(f) = -f**3 + 6*f**2 + f + 7. What is the remainder when (-4)/(-3)*o/44 is divided by l(6)?
12
Suppose 0 = a - 4*a + 12. Suppose 4 = a*p - 4, p = 5*x - 133. Let o = 27 - 17. Calculate the remainder when x is divided by o.
7
Let j = 8 - 4. Suppose -4 = -3*o + 11. Suppose -o*i = -3*i - 6. Calculate the remainder when j is divided by i.
1
Let g be ((-14)/(-10))/(7/35). Suppose 3*p = -g + 52. Let z = 42 + 1. What is the remainder when z is divided by p?
13
Suppose 0 = f - 6*s + 9*s - 18, 0 = -3*f - 4*s + 69. What is the remainder when f is divided by 6?
3
What is the remainder when 7 is divided by 5/((-1)/(-4 - -3))?
2
Let a(n) = -5*n - 98. What is the remainder when 106 is divided by a(-25)?
25
Let j(g) = -3*g**3 - 2*g**2 + g - 2. Suppose -3*q = 5*z - 122, -3*q = -14 + 2. Calculate the remainder when z is divided by j(-2).
10
Let p(z) = -4*z + 11. What is the remainder when p(-8) is divided by 11?
10
Suppose 0 = -4*c - 4*x + 3*x + 19, -3*x = -3*c + 3. Suppose -c*n + 221 = -95. Calculate the remainder when n is divided by 20.
19
What is the remainder when 68 is divided by -1 + ((-8)/4 - -26)?
22
Suppose 3*z + 0*z - 3 = 0. Calculate the remainder when (6*6/12)/((-6)/(-2)) is divided by z.
0
Let r(b) = b**2 - 4*b. Let c be r(7). Suppose 0 = -2*i + c + 37. Calculate the remainder when i is divided by 8.
5
Calculate the remainder when ((-4)/(-5))/(18/810) is divided by 10.
6
Suppose 2*s - 22 = -p, -s - 30 = -3*s - 5*p. Let r = -23 - -41. Let x = r - -1. Calculate the remainder when x is divided by s.
9
Suppose -4*u - 4*c - 25 = 31, 2*u + 26 = -c. What is the remainder when 70 is divided by (-135)/(-6) + (-18)/u?
22
Let r be (-2)/6 - 160/(-12). Suppose -5*l + r + 12 = 0. Calculate the remainder when (2 + 13 - 2)*1 is divided by l.
3
Let j(n) = 7*n**3 + 3*n - 2*n - n**2 - 4*n**3. What is the remainder when 6 is divided by j(1)?
0
Suppose -l - 2*n = 3*l + 98, 84 = -3*l + 2*n. Suppose -x - 2 = -3*x, -4*h + 155 = 3*x. What is the remainder when h is divided by (-2)/((-74)/l - 3)?
12
Suppose 158 = 4*t - 5*r, 0*t - r = -3*t + 113. What is the remainder when t is divided by -5*3*8/(-6)?
17
Suppose -4 = -5*x + 6. Suppose -11 = -2*t + 4*t - d, 0 = 5*t + 4*d + 21. What is the remainder when 20/(-8)*6/t is divided by x?
1
Let s = 8 - 1. Let v(p) = -p**3 + 6*p**2 - p + 3. Calculate the remainder when v(5) is divided by (-10)/35 - (-93)/s.
10
Let z be (0 - -6)*(-4)/(-6). Suppose 2*b - 6*b = -8. Suppose -z*i + b = -3*i. What is the remainder when i is divided by 2?
0
Suppose -6 = -5*j + 9. Let a = j - -5. Suppose 9*s - 4*s + 3*m = 115, m = -4*s + 92. Calculate the remainder when s is divided by a.
7
Let z = -13 + 25. Suppose a - z = -4. Calculate the remainder when 23 is divided by a.
7
Suppose 5*h - 4*a - 3 = 0, -5*h + 5 = a - 13. Let l = 17 + -10. Calculate the remainder when l is divided by h.
1
Suppose -n - 2*n + i = -28, i = 2*n - 18. Calculate the remainder when 78 is divided by n.
8
Let m = 4 - 2. Calculate the remainder when 47 is divided by 2 - (-1)/(m/20).
11
Let j(p) = 2*p - 1. Let a be j(5). Suppose 4*h - 3*h - a = 0. What is the remainder when h is divided by 5?
4
Calculate the remainder when 37 is divided by 90/(-3)*(2/(-6))/1.
7
Suppose 3*h - n = 28, 2*h - 30 + 7 = 5*n. Suppose -h = 4*f - 53. Calculate the remainder when 42 is divided by f.
9
Suppose 4*t - 148 - 48 = 0. Let x = t - 23. Let g = x - -12. What is the remainder when g is divided by 13?
12
Let t = -63 + 113. Let w(j) = -7*j - 1. Calculate the remainder when t is divided by w(-2).
11
Suppose -f + 3*m = -27, f + 4*f = 4*m + 135. Let y(k) = 8*k - 1. What is the remainder when f is divided by y(1)?
6
What is the remainder when 36 is divided by 5/(20/44) - -2?
10
Suppose 2*m = -m + 6. What is the remainder when 3 is divided by m?
1
Let k = 11 - -5. Calculate the remainder when k is divided by 6.
4
Let m = -6 - 0. What is the remainder when 46/6 + 4/m is divided by 4?
3
Suppose -84*a + 89*a - 15 = 0. What is the remainder when a is divided by 1?
0
What is the remainder when (1/2)/((-12)/(-1128)) is divided by 17?
13
Let k = 0 + 10. Let j = 4 - 5. Let c = j + k. Calculate the remainder when 16 is divided by c.
7
Let r = -45 + 50. Let f(g) = -g**3 + 7*g**2 - 7*g + 3. Calculate the remainder when f(5) is divided by r.
3
Suppose f + 2 = -1. Let c(v) = 3*v**2 + 4*v - 1. What is the remainder when c(f) is divided by 5?
4
Suppose 0 = 5*n - 141 - 164. Calculate the remainder when n is divided by 32.
29
Let u(r) = r**3 + 7*r**2 - 7*r + 11. Let c be u(-8). Suppose c*m + 7 = 40. Calculate the remainder when m is divided by 4.
3
Suppose 0*w - 4 = 3*h + w, -2*h - 4*w - 16 = 0. Suppose h*y + y = 175. Suppose -4*r - r = -y. Calculate the remainder when r is divided by 12.
11
Suppose 10 = -k + 3*k. Let g be 6/(-24) + 29/4. Suppose 6*j + 13 = g*j. What is the remainder when j is divided by k?
3
Let o(a) = -a**3 + 6*a**2 + 12*a - 17. What is the remainder when 34 is divided by o(7)?
16
Let t(k) = 17*k - 42. What is the remainder when 168 is divided by t(5)?
39
Let s(v) = -v + 15. Calculate the remainder when -7*(-3)/(-3)*-6 is divided by s(0).
12
Let c(o) = o**3 - 9*o**2 + 5*o + 2. Calculate the remainder when c(9) is divided by 16.
15
Suppose -17*c = -422 + 82. Suppose -4*u + 40 = -3*g, 3*u - g + 5*g = 5. What is the remainder when c is divided by u?
6
Suppose -5*b = -4*r + 2*r + 57, 0 = 2*b + 4*r + 42. Let y = b + -7. Calculate the remainder when 47 is divided by -2 - (1*y - -2).
15
Suppose -t - 2*t = -45. Suppose -f + 42 = 5*u, -3*u - 21 + 231 = 5*f. Calculate the remainder when f is divided by t.
12
Suppose 3*l + 0*l - 69 = 0. Suppose l = 5*a + f, a + f + 3 = -3*f. Calculate the remainder when a is divided by 4.
1
Suppose -86 = -5*m - 4*z, -2*z = -3*m - 3*z + 46. Suppose 3*t - y = y + 89, 3*t - 93 = 3*y. Calculate the remainder when t is divided by m.
13
Let h(x) = x + 8. Let w be h(-4). Let z = 18 - 14. Suppose -r - 4*j + 1 = -0*j, -z*r + w = 5*j. What is the remainder when r is d